+ -195 + 142).
5
Calculate 1 + (20 - -5) + (-7 - 4) + 17.
32
Calculate (5 - -63) + 2 + -405 + 400.
65
Calculate -11 - (84 + 3 - (23 - 4)).
-79
Evaluate 15 - (-45 - -32 - -13) - 34.
-19
-26 - (3 - -8) - (-40 + 45)
-42
Calculate (-8 - -6 - -13) + -23 + 51 + -14.
25
What is -80 - -100 - (1 + -5 + 9 + 4)?
11
Evaluate (16 - (-8 + 23) - (1 - 65)) + -11 + 8.
62
What is 0 + -45 + 21 + 90 + (8 - 4 - 3)?
67
What is the value of (-50 - -69 - 5) + -49?
-35
Evaluate 237 + -259 - (-8 - 8 - -7).
-13
42 + -80 + -25 + 12
-51
Evaluate (-180 + 139 - 54) + 7.
-88
What is the value of (37 - 28) + 2 + -14 + 7 + 19?
23
What is the value of -3 + -18 + -7 + -3 + 7 + 8 - -71?
55
9 - ((11 - 8) + -5) - (42 + -22)
-9
-13 + -26 - (-44 + -10)
15
2 + 73 + (3 - -2) + (-61 - -36) + 33
88
What is the value of (60 - (-15 - -24)) + -69?
-18
What is -154 + 200 - ((-20 - -10) + 0 + 1)?
55
What is the value of -652 + 629 + 68 + -4?
41
What is the value of (-14 - -1) + (-12 - (-84 + 73)) - 77?
-91
What is the value of -10499 + 10551 + -17 + -1?
34
Evaluate -2741 - -2772 - (4 + -4 - 4).
35
Calculate (21 + 1 - (0 - -15)) + -41.
-34
What is the value of (967 - 951) + (45 - (4 - 2)) - -2?
61
What is (-49 - 1) + 90 + -51?
-11
(-29 - 4) + -10 + 2 + 6 + (39 - 22)
-18
What is 0 + -16 - (-53 + 47) - (9 - 15)?
-4
(-4 + -5 - 17) + 11
-15
What is (126 + -121 - (-8 + 19 + (2 - 0))) + -4?
-12
What is the value of -1 + -34 + (-8 - (-7 + (-3 - -12) - 1))?
-44
-82 + -4 + (15 - 4) + (-140 - -127)
-88
-84 + 80 - (12 + 0 + 50 + 9)
-75
What is the value of 3 - (-2 + -3) - -1 - (1034 - 1048)?
23
What is -10 + (-8 + 21 - 29)?
-26
Calculate -41 + (0 - (6 + 1 + -1 + -87 + 87)).
-47
What is 2 + (12 - (-2 + 8 + 6)) + -79?
-77
Evaluate -9 - 67 - (41 + (11 - 9)).
-119
Calculate -9 - (-13 - (-40 - (9 - -11 - 10))).
-46
What is the value of 5 - ((-42 + 31 - (1 + 29)) + 4)?
42
Evaluate 553 + -456 + (-79 - -1).
19
What is -72 + -20 - (-6 + (2 - (13 + (-3 - 8))))?
-86
Calculate 3 + -60 + 1 - (-46 + 17 - -24).
-51
(-5 - -19) + 4 + (-1 - 11 - -3)
9
-23 + 14 + -116 + 109
-16
What is (16 - (1 + 39 + 212 + -221)) + -28?
-43
What is the value of 96 + -119 + (-2 - -33) + 5?
13
What is 3 + -19 - ((-37 - 29) + -31 - -31)?
50
Calculate 49 + (72 - 29 - 51) - (2 + -2).
41
-34 + 3 + -34 + (12 - 0)
-53
Evaluate (6 - 34 - -14 - -32) + (-3 - 6) - -46.
55
Evaluate -1 + 5 + 2 + (-9 - (-116 - (29 - 44))).
98
(76 + -44 - 97) + (0 - -25)
-40
Calculate 12 - (-54 - -72 - (66 + -2)).
58
Evaluate -1 - (-60 - -20 - 14).
53
-13 - -1 - -6 - (47 + (27 + -10 - 7))
-63
What is the value of -21 + 9 + (-31 - (-16 - (-19 + 12)))?
-34
Calculate 10 + -5 - (110 + -107).
2
Evaluate 1 + 17 - (-13 + 152 - (-154 - -174)).
-101
What is 25 + (-9 - -18 - (8 + -9))?
35
Evaluate -11 + (-1 - ((6 - -8) + (-5 - 6))) + -39.
-54
What is the value of 184 + -91 + (-15 - 6)?
72
Calculate -7 + (67 - (4 + -5) - (21 - 5)).
45
What is the value of 10 + (7 - -12) + -30 - (12 - 2)?
-11
Evaluate (84 - 28) + 24 - (20 + 1).
59
What is 30 - 0 - (-19 + 33 - 29)?
45
What is -45 - (-2 + -25 + 18 + 1 + 3)?
-40
What is -14 - ((2 + -3 - 91) + 1297 + -1287)?
68
Calculate 4 + (82 - 38) - 67.
-19
Evaluate 72 + -7 + (-25 + 28 - -2).
70
Calculate -76 + (7 + (19 - 5) + -6 + -15 - -4).
-72
What is the value of -3 + 45 + -136 - -30?
-64
What is the value of 0 - -8 - (-26 - -27) - (8 + (3 - 1))?
-3
What is 1 + -2 - ((8 - 17) + (17 - 12) + 11)?
-8
What is the value of 31 - ((29 - 63) + 67)?
-2
Calculate (120 - (166 - 10)) + -2 + -34.
-72
Evaluate -45 + (-19 + 9 - -48).
-7
(17 - 19) + 13 + (36 - 50)
-3
2 + -28 - (18 - (17 + -21 - 6 - -21))
-33
What is the value of 16 + (-18 - -12) + 6 + -4 + 3?
15
What is (-1431 - -1433) + (1 - -1)?
4
Calculate 50 + -40 - (-8 + 8 + -24) - (-1 - 1).
36
Evaluate -42 + 36 + (-7 - (1 + -3)) + 35.
24
What is the value of -3 - 87 - (1998 + -2087)?
-1
(1 - -11) + (-149 - -172)
35
Evaluate 28 + (-22 - 22) + (-8 - (19 + 103)).
-146
10 - 31 - (8 + -62 + 9)
24
What is the value of 1 + 7 - (40 + 14 - 39) - (0 - 43)?
36
Calculate (0 - (2 + 5)) + (-16 - 49) + 54.
-18
What is -31 + -32 + (16 - (-34 - -5))?
-18
Evaluate 14 - ((-6 - (-19 + 18)) + 11) - -73.
81
What is the value of 2 + (12 - 3) + 5333 + -5332?
12
Calculate -2 - -12 - (10 - (-47 + 5) - (-5 - -1)).
-46
Evaluate 1 + 3 + (98 - (1 + 66)).
35
(58 + 6 + 4 + (-27 - -31) - -10) + -10
72
-4 + 7 + 0 + 6 + -16 + -40
-47
What is 62 - (9 + -7 + (1 - -38))?
21
What is 18191 + -18177 + (14 - 1)?
27
What is the value of (87 - -1) + -323 + 78 + 256?
99
What is the value of -61 - (-44 - 80) - 59?
4
What is the value of -1 + -7 + -18 + -187 + 185?
-28
What is -4 + 25 + -11 + -10 + -3 + 1 + -72?
-74
What is (-1270 - -1266) + (5 - 0) + -21?
-20
Calculate (5 + -6 - -9) + 7 + (18 - -3).
36
Evaluate (74 - (23 + -5)) + 52 + -24.
84
(-5 - (1 + -2)) + 37 + -37 + 80 + -76
0
What is -4 + (-5 - 73) + 12 + -11 + -4?
-85
What is the value of 0 - (1 + 50 + -18 + 14)?
-47
What is the value of (5 - 2) + (12 + -10 - -1) - -52?
58
What is the value of 84 - (9 + 1 + -6 + -278 + 286)?
72
What is the value of 11 - (1 - -29 - (63 + -49)) - 3?
-8
(-16 - 2) + (41 - (79 + -38))
-18
What is 100 + -130 - (-8 + -1) - -29?
8
Calculate -22 + -2 - -4 - (67 - 61).
-26
Evaluate -9 - ((2 - -3) + 5 + -4 - 44).
29
3391 - 3344 - (1 - -67)
-21
Evaluate 59 + -119 + 24 + 1 + 9.
-26
Calculate 8 + (13 + -27 - -2) + (16 - 1) + -108.
-97
(-13 - 0 - (-2 + 1)) + 160 + -148 + 0
0
What is the value of (16 - (-13 - (7 + -59))) + -9?
-32
What is (-7 - 7) + 18 + -2 + -29?
-27
Calculate -27 + (18 - (54 - 39)).
-24
Calculate -97 + (-14 - (62 + -106)).
-67
-2 + -1 + -16 - (5 - (3 - -8)) - -52
39
-13 + (0 + -2 + 2 + 10 - (3737 + -3735))
-5
What is the value of -224 + (475 - 205) - ((2 - -16) + 2)?
26
Evaluate 0 + 34 + -71 - (-3 + 2 - -10 - -2).
-48
Calculate -2 - (-8 - (-36 - -22)).
-8
What is (4 - -3 - (-4 + 12)) + (-13 - -6) + 58?
50
What is 58 + -52 + (-7 - -34) + 0?
33
Calculate -174 - -169 - (45 + (-6 - -2)).
-46
2 + -45 + (52 - 24)
-15
-76 - (-22 + -7) - -107
60
What is -113 + 96 + -4 + -34?
-55
What is the value of 0 + 9 + (-151 - -138) + 3 + (2 - 0)?
1
(-9 - -15) + (3 - 33) + -5
-29
What is -6 + 2 + (40 - 139 - -83)?
-20
Calculate 24 - (17 + 0 - (-41 + 106 + -48)).
24
What is (80 + -11 - 40) + -1 + (1 - (1 + 7))?
21
14 + 10 + -23 + 17 + -11
7
Evaluate (-2 - -10 - 4 - (3 - -13)) + 16.
4
What is the value of -27 - (998 - 1023 - (-1 - 15))?
-18
Evaluate 16 + -78 + (53 - 35).
-44
Calculate -71 + (15 - -73) + -1 + -60.
-44
What is (34 - 20) + 6 + 37 - (1 - -1)?
55
Calculate 38 + -3 + 4 + 11 + -26 + (-8 - -22).
38
What is -89 + 59 + 27 - 23?
-26
What is the value of 0 + -5 + 2374 + -2386 + 0 + (-2 - -2)?
-17
What is the value of 2 + (-922 + 944 - (51 + -1))?
-26
Evaluate 25 - (-1 + -16 - (457 + -478)).
21
What is the value of 5 + (19 - (-34 + 23 + 117))?
-82
What is the value of 36 - 0 - (636 - 591)?
-9
Calculate -34 + (-12 - -13) + (-397 - -401).
-29
What is -2 - (-20 - -1) - (-33 + (114 - 74))?
10
(14 - 4 - 28 - -54) + -2
34
(0 - (-17 - (2 - 12))) + -6 - (-1 - -65)
-63
Evaluate 0 + 44 - (-31 - (56 - 79)).
52
Evaluate -109 + 77 + -7 - (-1 + 2 + 0).
-40
Calculate -2 + 3 + (731 - 695).
37
Calculate (-8 - (26 + -47)) + -9 + -1 + (1 - -43).
47
-1 + -7 + (-27 + 86 + -3 - (-5 + -4))
57
Calculate -58 + -7 + -8 - -129.
56
What is the value of 34 - (5 + (114 + -31 - 10))?
-44
What is 12 - 1 - (67 + -95 + 79)?
-40
-19 - 32 - ((10 - 2) + (-39 - -25) - 0)
-45
(-1 - (41 - -2)) + 31 - -150
137
Calculate -3 - ((1 - 69) + 0 + 16 + (-25 - -16)).
58
-64 + (24 - (-56 + -38))
54
What is the value of 107 + -128 + (87 - 16) + 5?
55
28 + -18 + 28 + -24 + 55
69
336 + -271 - (1 - -13) - -17
68
Evaluate (20 - (21 + 13)) + (2 + 2 - 12).
-22
Calculate -68 - -50 - (98 - 93 - (-22 + -1)).
-46
What is the value of -215 + 1 - (-6731 - -6658)?
-141
What is the value of (57 - (-8 - 1) - 3) + -3 + 3 + 1?
64
What is the value of 61 + -18 - (-39 - -58)?
24
Calculate -10 - -38 - (5 - 6 - 8).
37
Evaluate 106 + (-20 - -1 - (-28 + 25)).
90
-99 + 130 + -69 - -95
57
What is the value of -81 + (-62 - -145) - (-2 - 37)?
41
What is -296 + (465 - 146) - (-28 + (-1 - 0))?
52
-38 - ((-72 - 26) + 18) - 120
-78
(6 + -103 - -127) + -98
-68
Evaluate 1 + 1 - (529 - 500).
-27
Evaluate -19 + 9 + -54 + -12 + 19 + 7.
-50
Calculate (10 -